 = -26*x + 185 + 207. What is the remainder when 198 is divided by x?
6
Let p(a) = a**2 + 31 + 11 - 15 + 7*a + a. Let i = 14 + -7. What is the remainder when p(-8) is divided by i?
6
Suppose 339 = 2*x + 5*g, -10*g + 11*g + 5 = 0. What is the remainder when 734 is divided by x?
6
Calculate the remainder when -2 + 204/(-36) + 8 + (-1856)/(-3) is divided by 199.
22
Let k be 2*((-30)/4)/3. Let f be (-3)/(-18) + k/((-150)/9565). Let v = f + -197. What is the remainder when v is divided by 33?
23
Suppose -2*s + 10*s - 49842 = -2*n, 3*n = -9. What is the remainder when s is divided by 41?
40
Let c be (4002/184)/((-2)/16*-1). Suppose -178*s = -c*s - 724. Calculate the remainder when s is divided by 23.
20
Calculate the remainder when 8/((4/(-3))/(272486/(-123))) is divided by 63.
62
Suppose 285*b - 280*b = 2*u - 543, -2*u + b + 563 = 0. Calculate the remainder when u is divided by 127.
30
Let n be -4 + 6/(18/87). Let w = -10 + n. Suppose 2*q + 3*m = 152, m + 4*m - 10 = 0. Calculate the remainder when q is divided by w.
13
Let x(y) be the first derivative of -11*y**2/2 + 100*y - 282. Calculate the remainder when 72 is divided by x(5).
27
Suppose p = 5*s - 380, -10 = 5*p - 35. Let c = -43 + s. Calculate the remainder when 135 is divided by c.
33
Suppose -4*a + 20 = 0, -3*n + 3*a + 637 = 8*a. What is the remainder when 1811 is divided by n?
179
Suppose 2*u = -5*u + 14. Suppose -40 = u*b - 7*b. Let l(w) = -w**2 + 10*w - 11. Calculate the remainder when 13 is divided by l(b).
3
Let x(h) = -2*h**2 - 31*h + 56. Let l be x(-16). Let m(c) = 18*c - 1. Let b be m(4). Suppose -b - l = -3*a. Calculate the remainder when 109 is divided by a.
35
Let x be (49203/28)/9 + 1/(-4). Suppose 2*a - 78 = -5*b, 0 = -a - 4*a + 3*b + x. Let d(h) = -h + 72. Calculate the remainder when d(0) is divided by a.
33
Let k = -276 + 293. Let l(s) = 1. Let p(w) = -2*w**2 + 9*w + 10. Let q(y) = -2*l(y) - p(y). What is the remainder when q(-5) is divided by k?
15
What is the remainder when 3117 is divided by 416/(-5 + 7)*(-2)/(-4)?
101
Suppose 1796*n - 1739*n - 95589 = 0. Calculate the remainder when n is divided by 251.
171
Let s = 139 - 94. Let c = -45 + s. Let q(f) = f**3 + f**2 + 21. Calculate the remainder when q(c) is divided by 3.
0
Suppose 3*o - 5*a - 83 = 46, -3*o + 147 = a. Calculate the remainder when 591 is divided by o.
15
Let c = -66 + 72. Suppose 23 = 7*j - c*j. Let y = -140 + 146. Calculate the remainder when j is divided by y.
5
Let s(c) = -3 - 15 + 4 + 9*c - 29*c - 2*c**2. What is the remainder when 98 is divided by s(-9)?
2
Suppose 0 = 4*k - 4, 5*k - 30 = g + 2*k. What is the remainder when 71 is divided by (-2)/5 - g/5 - 1?
3
Let a(x) = 2*x**2 - 159*x - 1181. Calculate the remainder when 8219 is divided by a(-7).
29
Let x = 36 - 32. Suppose -3*j = x*z - 34 - 14, -5*j = -20. Suppose 61 = 4*r - 5*a, 4*a - a = z. Calculate the remainder when 34 is divided by r.
15
Suppose 14*y + 9*y = 9*y + 196. Calculate the remainder when 65 is divided by y.
9
Let p = -3 - -3. Let r(a) = -a**2 - 31*a + 70. Let b be r(-33). Suppose -z = -5*h - p*z + 95, -b*h + z = -75. What is the remainder when h is divided by 8?
4
Suppose 4*g - 14 - 46 = 0. Suppose 0*w = w - g. What is the remainder when (15 + -27)*(-21)/6 is divided by w?
12
Let i = -214 - -217. Suppose -i = d, -d = -l - 3*d + 14. What is the remainder when 136 is divided by l?
16
Let d(x) = -3*x**3 - 103*x**2 + 72*x + 104. Calculate the remainder when 1405 is divided by d(-35).
11
Let s(d) be the third derivative of d**5/60 - 17*d**4/12 - 53*d**3/3 - 140*d**2. Calculate the remainder when 73 is divided by s(37).
3
Suppose 37*i + 235 = 39*i - 5*n, -5*i = -2*n - 619. What is the remainder when 366 is divided by i?
116
Let s(n) = 9*n - 325. Let q be s(38). Suppose -3*y = -2*o - 273, 4*y + 14*o = q*o + 365. What is the remainder when y is divided by 4?
1
Let v = -141 + 48. Let i = -91 - v. What is the remainder when 2 is divided by i?
0
Let b = 18047 - 17884. Calculate the remainder when 327 is divided by b.
1
What is the remainder when (-153352)/(-26) + ((-60)/1040)/(6/16) is divided by 9?
3
Let b(r) = 332*r + 22. Suppose 0 = -2*q + t - 0 + 15, -3*q + 5*t = -19. Let a = 14 - q. Calculate the remainder when b(0) is divided by a.
4
Suppose -2*t + 8 + 2 = 0. Suppose 2*z - z - 21 = -4*w, w + 42 = t*z. What is the remainder when 52 is divided by z?
7
Let l(d) be the first derivative of d**4/4 + 3*d**3 + 2*d**2 - 30*d - 66. Calculate the remainder when 64 is divided by l(-7).
24
Calculate the remainder when 422 is divided by (-50)/5 - (-16 + 10) - (-114 - -1).
95
Suppose 5*c - 76 = r, 2*c + 9 - 7 = -5*r. Let h = -170 - -309. What is the remainder when h is divided by c?
13
Let c(x) be the second derivative of x**5/20 + x**4/4 - x**2/2 + 31*x + 2. Calculate the remainder when 46 is divided by c(2).
8
Let v = 396 + -403. Let t(q) = -q**3 - 6*q**2 + 5*q + 7. Suppose -2*n - 3*n = -40. What is the remainder when t(v) is divided by n?
5
Suppose -809 = 51*x - 5552. Calculate the remainder when 180 is divided by x.
87
Let d = 1104 + -1088. Calculate the remainder when 248 is divided by d.
8
Suppose -22 - 14 = -2*n. Let t = 37 - n. Let g = t - 10. What is the remainder when 26 is divided by g?
8
Let o = -40 + 65. Suppose k - 54 = -2*k - 5*b, 5*k - b = 62. Suppose -k*a + 643 - 19 = 0. What is the remainder when a is divided by o?
23
Suppose -4*d + 2*a = 5*a - 51, 4*a = 5*d - 25. Let c(v) = 3*v**2 - 74*v + 26. What is the remainder when c(25) is divided by d?
6
Let l = 3488 - 2848. What is the remainder when l is divided by 23?
19
Let r be 85*(-2 - 1*(4 - 15)). Let u = -516 + r. What is the remainder when u is divided by 50?
49
Let g(h) = -15 + 11*h + 5 - 5. Let x = -75 + 89. Calculate the remainder when g(6) is divided by x.
9
Suppose -6*h = -12*h - 3*h + 450. Calculate the remainder when 164 is divided by h.
14
Let m be (4/12 - -1) + 3/(-9). Let b = 49 + 6. Calculate the remainder when b is divided by (30 - 3) + m/(4 + -3).
27
Suppose 15672*m - 7707 = 15665*m. What is the remainder when m is divided by 549?
3
Let u(g) = -2*g - 6. Let x be u(6). Suppose -43 = -11*z + 12. Let y = z - x. Calculate the remainder when 89 is divided by y.
20
Suppose -3*x + 17 = 4*w, -3*x + 0*w + 19 = 5*w. Suppose 5*l = -2*h - 0*l - 8, x*h + 4*l - 2 = 0. Calculate the remainder when 6 is divided by h.
0
Let t be ((-938)/(-91) - 10)*13. Suppose 2*m - 4*m = 2. Calculate the remainder when 42 is divided by (1/m + t)/((-1)/(-2)).
0
Suppose 3*s - 23 + 11 = 0. Suppose 29 = -a + 33. What is the remainder when a is divided by s?
0
Suppose 0 = -104*o - 51*o + 379 + 2721. Suppose -5*r - 49 = -5*b - 169, 5*r + 3*b = 136. Let f = -18 + r. Calculate the remainder when o is divided by f.
4
Let n = -363 - -635. Let j(z) = -z**3 + 2*z**2 + 2*z + 92. What is the remainder when n is divided by j(0)?
88
Suppose 25*f - 29*f + v + 2452 = 0, 7*f + 3*v = 4310. Calculate the remainder when f is divided by 27.
20
Let u = -12 + 19. Calculate the remainder when (93268/924 - -9) + -3 + 303/99 is divided by u.
5
Let x(r) = -106*r - 9955. What is the remainder when 4472 is divided by x(-94)?
8
Suppose 28*x = 26*x + 10. Suppose 2*h - 9 = u, u - 6*u + x = 0. What is the remainder when ((-36)/8)/((-2)/4) is divided by h?
4
Let g = 347 - 338. Let i(c) = -c**3 + 9*c**2 - 5*c + 57. Calculate the remainder when 95 is divided by i(g).
11
Let r = -193 + 188. Calculate the remainder when r - (-91 - 21/(-7)) is divided by 38.
7
Let p(g) = -g**3 - 8*g**2 - 2*g - 6. Let b be p(-8). Calculate the remainder when (222/15)/(b/25) is divided by (2 + 3)*(-1)/(-1).
2
Let p(n) = -2*n**2 - 45*n - 31. Calculate the remainder when 149 is divided by p(-18).
18
Let o = 533 + -407. Suppose 5*g + 0*g + 4*m = 53, 0 = g + 2*m - 7. Calculate the remainder when o is divided by g.
9
Let t(b) = -4*b**2 + 92*b - 129. Calculate the remainder when 840 is divided by t(17).
3
Let p = -2143 - -2293. Calculate the remainder when 896 is divided by p.
146
Calculate the remainder when 8676/(45/5)*(-4 - 132/(-16)) is divided by 82.
79
What is the remainder when 8*1*((-1025)/(-20) - 11) is divided by 11?
3
Suppose -171*u + 175*u = -8. What is the remainder when 83 is divided by -2 - (4 - (30 + u))?
17
Suppose 0 = l + 4 + 2. Let r = 24 - l. Let h